2*l. What is the highest common factor of n and l?
11
Suppose 4*a = -5*z - 6, 4*z + a = -1 - 6. Let t be -1 + 0 + (z - -31). Let b = 21 - 7. Calculate the greatest common divisor of b and t.
14
Suppose 0 = -3*f - 4*a + 55, -f - 5*a + 8 = -25. Calculate the greatest common factor of f and 26.
13
Let n = 638 - 394. Suppose -2*l - 50 = 3*i - 317, 4*i - l - 367 = 0. Suppose i = -3*c + n. What is the greatest common factor of 34 and c?
17
Let x(v) = -2*v + 58. Let a be x(16). Calculate the highest common divisor of a and 117.
13
Let l be (-3)/12*2*-2. Let i be 7*-2*1/2. Let r(d) = -d**3 - 6*d**2 + 7*d + 9. Let c be r(i). Calculate the greatest common divisor of c and l.
1
Let t = 233 - 13. What is the greatest common factor of 20 and t?
20
Let i(d) = -d**2 + 11*d - 9. Let l be i(9). Calculate the greatest common divisor of 9 and l.
9
Suppose -5 + 13 = 2*v. Suppose -v*u = -u. Let o = 4 + u. Calculate the greatest common divisor of o and 8.
4
Let b be (158/4 + 1)*2. Suppose -4*l - 1 = k, 4*l + 3 = 2*l - 3*k. Suppose -36 = -l*s - 4*s. Calculate the highest common divisor of s and b.
9
Let n be (-10)/4*(0 + -2). Suppose -25 = -n*z, 6*z = 4*q + z + 37. Let v = q + 14. What is the greatest common divisor of v and 99?
11
Let q(f) = 3*f**3 + 6*f**2 + 4*f + 3. Let l(t) = t**3. Let r(d) = -4*l(d) + q(d). Let u be r(6). What is the highest common factor of 18 and u?
9
Let k = 1 + 1. Suppose -4*c + 6 = k*s + 74, -2*c - 42 = -3*s. Let j be 268/9 - 4/c. Calculate the highest common factor of j and 45.
15
Suppose p - 16 = -1. Let m(d) = d + 1. Let y(j) = -14*j + 1. Let c(n) = -2*m(n) + y(n). Let l be c(-1). What is the greatest common factor of p and l?
15
Let f be ((-39)/5)/(1/(-5)). What is the highest common divisor of 65 and f?
13
Suppose 27*l - 12 = 26*l. Calculate the highest common divisor of l and 3.
3
Let m = 149 - 69. Calculate the greatest common factor of m and 20.
20
Let i = 51 - 37. What is the greatest common divisor of i and 112?
14
Let s be 5*5*(0 + 1). Let d be 15/(-6)*2/(-1). Suppose -d*i + i + 20 = 0. What is the highest common divisor of s and i?
5
Let d be (-74)/(-6) + 4/6. Let k(i) = i**2 + 8*i - 7. Let q be k(-11). Calculate the greatest common factor of q and d.
13
Let l(u) = 5*u**3 - u**2. Suppose 0*m + 1 = 2*y + m, 5*y - 4*m - 9 = 0. Let q be l(y). Suppose a = -4*a + 20. What is the greatest common factor of q and a?
4
Let f be ((-6)/(-4))/(-3) + (-45)/(-18). Suppose 4*i - 2*i = 44. Calculate the greatest common factor of f and i.
2
Let l be (24 - 0) + -5 + 2. Let p = l - 11. What is the highest common divisor of p and 2?
2
Let m = 10 + -8. Let u(j) = 20*j**2 - 3*j + 2. Let r be u(-4). Suppose 3*l - r = -m*l + 4*t, 4*l - 268 = 4*t. Calculate the greatest common factor of 6 and l.
6
Let m be 3 + ((-4)/2 - -1). Let r(s) = 9*s - 4*s**2 - 6*s**m + s**2 + s**3 + 1. Let j be r(8). Calculate the highest common divisor of j and 81.
9
Suppose -4*m + 2*n = -898, -2*m + 447 = 2*n - 5*n. Calculate the greatest common divisor of 25 and m.
25
Suppose 15 = -0*x + 3*x. Suppose x*h + 304 = h. Let y = 139 + h. Calculate the greatest common divisor of y and 9.
9
Let v(r) = 21*r + 6. Let s be v(6). Let h be 1*-2 - -2 - -308. Let w = h - s. What is the greatest common factor of w and 22?
22
Let o(s) = -s - 9. Let u(x) = -x - 8. Let h(c) = -2*o(c) + 3*u(c). Let z be h(-8). Calculate the highest common divisor of z and 4.
2
Let a(b) = b**3 - 2*b**2 + b. Let m be a(1). Let y(z) = z**3 + z**2 - z + 16. Let k be y(m). What is the greatest common divisor of k and 4?
4
Suppose 0 = -o + 3*t + 78 + 91, -4*o + 3*t + 649 = 0. Calculate the highest common divisor of 32 and o.
32
Suppose -3*y + l + l + 48 = 0, 5*y = -4*l + 80. Calculate the greatest common divisor of y and 32.
16
Let s(k) = k**2 + k + 1. Let u be s(-5). Suppose 3*r - f = -0*f + 33, -r = 3*f - u. Calculate the highest common factor of r and 12.
12
Suppose -4*s = 2*h - 100, -5*h = s - 7 - 198. Let k(z) = z**3 + 7*z**2 - z - 34. Let a be k(-6). What is the greatest common factor of a and h?
8
Let u = 4 - -1. Suppose 5*w - 60 = i, 3*w = -u*i - 2 + 10. Calculate the highest common divisor of w and 33.
11
Let o = 33 - 0. Calculate the highest common divisor of 66 and o.
33
Let n be 11/2*4/2. Let x(b) = b**3 + 7*b**2 - 7*b - 1. Let k be x(-6). Calculate the greatest common divisor of k and n.
11
Let m be 843/7 + 3/(-7). What is the highest common factor of 30 and m?
30
Let w(r) = -r - 2. Let y be 1*(-4 + -6)/2. Let x be w(y). Calculate the greatest common factor of 12 and x.
3
Suppose -5*s + 0*s = -560. Suppose -2*p = 0, 26 = 3*l - p - 22. What is the greatest common divisor of l and s?
16
Let q be ((-4)/(-10))/((-5)/(-100)). Calculate the greatest common divisor of 56 and q.
8
Let o = 185 - 95. Calculate the highest common factor of o and 30.
30
Suppose -z - 5*q = -60, -q + 0 + 5 = 0. What is the greatest common divisor of z and 385?
35
Let t(x) = x**3 + 8*x**2 + 9*x - 16. Let i be t(-6). Calculate the highest common divisor of 8 and i.
2
Let i be ((-12)/10)/((-69)/115). Calculate the highest common factor of i and 22.
2
Suppose 12*k - 210 = 7*k. What is the greatest common factor of 105 and k?
21
Let p(h) = -h**3 - 11*h**2 + h + 14. Let n be p(-11). Suppose -a - 6 = -2*a. Calculate the highest common factor of a and n.
3
Suppose -18 = -q - 0*q. Let u be (9/4)/(4/16). What is the greatest common factor of q and u?
9
Let a(y) = y**3 + 9*y**2 + y - 4. Let z be a(-4). Let g = 110 - 101. Calculate the greatest common factor of z and g.
9
Suppose -3*o + 14 = -40. What is the highest common divisor of o and 54?
18
Suppose 5 = 2*t - t. Let g be (-1)/(-1)*(t + 3). Calculate the highest common factor of 56 and g.
8
Let x(m) = m**2 + 2*m + 3. Let p be x(-2). Let w = 15 - p. What is the highest common factor of 96 and w?
12
Suppose -2*y = 5*c + 33, -2*y - 20 = 4*c + 8. Let m = c - -8. Suppose m*u + 0*u = 48. What is the greatest common factor of u and 40?
8
Let r(i) = 5*i - 6. Let o be r(6). Let f = 80 - 74. Calculate the highest common factor of f and o.
6
Suppose -4*o + 16*o = 48. What is the highest common divisor of o and 8?
4
Suppose 0 = -2*g - 2, 25 = 4*x - 3*g + 6*g. Let w be 1*x - (0 - 2). Calculate the greatest common divisor of w and 36.
9
Suppose 4*z + 562 = 5*q, 2*q - 446 = -2*q + 2*z. What is the greatest common divisor of q and 22?
22
Suppose 158*q - 163*q + 300 = 0. Calculate the greatest common divisor of q and 30.
30
Let w = 42 + -32. What is the greatest common divisor of 90 and w?
10
Let u be (-3)/(-3)*-25*-1. What is the highest common divisor of u and 25?
25
Let i = -22 + 18. Let d be (-4 + 30)/((-2)/i). What is the highest common divisor of d and 130?
26
Let s be (-21)/(-2)*(-2)/(-3). Suppose -s*j + 2*j = -70. Let u be ((-100)/(-75))/(2 - (-80)/(-42)). Calculate the greatest common divisor of u and j.
14
Let x(m) = -m**3 + 6*m**2 + 8*m - 8. Let n be x(7). Let p be n*(-9)/((-27)/(-102)). What is the highest common divisor of p and 51?
17
Let n be ((-84)/15 - -3)/(1/(-5)). What is the greatest common factor of 143 and n?
13
Let u be 0/(1 - (0 + 0)). Suppose 2*c - c - 18 = u. Let a = 1 - -11. Calculate the highest common factor of a and c.
6
Let x be (17 + 2/(-1))/((-6)/(-8)). Let g = -96 - -519. Let d = -243 + g. What is the highest common divisor of x and d?
20
Let j = 31 - 19. Suppose -6 = -3*d + j. What is the greatest common factor of d and 54?
6
Suppose 0 = -v - 4*v + 15. Let j be (v - 4) + (61 - 0). What is the highest common factor of j and 6?
6
Let p = -9 - -19. Suppose -4 - 50 = 3*n. Let a be 304/6 - (-12)/n. What is the greatest common divisor of p and a?
10
Let x = -69 + 124. Let o be 24*(-11)/(-3)*1. Suppose -5*u = -u - o. Calculate the highest common divisor of u and x.
11
Suppose -8*m + 11*m = -63. Let s be 53/(1*(0 - 1)). Let k = m - s. What is the highest common factor of k and 16?
16
Suppose -2*h - 2*r + 28 = 0, -3*r = -4*h - 6*r + 59. Calculate the highest common divisor of 153 and h.
17
Suppose -18 = -5*s + o, -s - 4*o - 3 = 2*s. Calculate the highest common divisor of 27 and s.
3
Let x(v) = -v**2 + 9*v. Let t(c) = -1 - c**2 + 9*c + 0 - c**2. Let g(u) = 2*t(u) - 3*x(u). Let i be g(-8). What is the highest common divisor of i and 24?
6
Let m(i) = 4*i + 154. Let z be m(0). Calcu